{"id":44883,"date":"2021-09-03T13:00:36","date_gmt":"2021-09-03T12:00:36","guid":{"rendered":"https:\/\/vay-styves.fr\/?page_id=44883"},"modified":"2021-09-03T13:06:19","modified_gmt":"2021-09-03T12:06:19","slug":"agenda-cm2","status":"publish","type":"page","link":"https:\/\/vay-styves.fr\/?page_id=44883","title":{"rendered":"Agenda CM2"},"content":{"rendered":"<div class=\"mec-wrap mec-skin-list-container  \" id=\"mec_skin_44895\">\r\n\r\n    \r\n        <div class=\"mec-skin-list-events-container\" id=\"mec_skin_events_44895\">\r\n        Pas d&#039;\u00e9v\u00e9nement actuellement programm\u00e9.    <\/div>\r\n    \r\n    \r\n<\/div>\n","protected":false},"excerpt":{"rendered":"","protected":false},"author":17,"featured_media":0,"parent":0,"menu_order":0,"comment_status":"closed","ping_status":"closed","template":"","meta":{"ngg_post_thumbnail":0,"footnotes":""},"class_list":["post-44883","page","type-page","status-publish","hentry"],"_links":{"self":[{"href":"https:\/\/vay-styves.fr\/index.php?rest_route=\/wp\/v2\/pages\/44883","targetHints":{"allow":["GET"]}}],"collection":[{"href":"https:\/\/vay-styves.fr\/index.php?rest_route=\/wp\/v2\/pages"}],"about":[{"href":"https:\/\/vay-styves.fr\/index.php?rest_route=\/wp\/v2\/types\/page"}],"author":[{"embeddable":true,"href":"https:\/\/vay-styves.fr\/index.php?rest_route=\/wp\/v2\/users\/17"}],"replies":[{"embeddable":true,"href":"https:\/\/vay-styves.fr\/index.php?rest_route=%2Fwp%2Fv2%2Fcomments&post=44883"}],"version-history":[{"count":2,"href":"https:\/\/vay-styves.fr\/index.php?rest_route=\/wp\/v2\/pages\/44883\/revisions"}],"predecessor-version":[{"id":44896,"href":"https:\/\/vay-styves.fr\/index.php?rest_route=\/wp\/v2\/pages\/44883\/revisions\/44896"}],"wp:attachment":[{"href":"https:\/\/vay-styves.fr\/index.php?rest_route=%2Fwp%2Fv2%2Fmedia&parent=44883"}],"curies":[{"name":"wp","href":"https:\/\/api.w.org\/{rel}","templated":true}]}}