{"id":4168,"date":"2015-08-26T21:17:32","date_gmt":"2015-08-26T20:17:32","guid":{"rendered":"https:\/\/vay-styves.fr\/?page_id=4168"},"modified":"2022-04-30T14:52:07","modified_gmt":"2022-04-30T13:52:07","slug":"eveil-a-la-foi-culture-chretienne-et-catechese","status":"publish","type":"page","link":"https:\/\/vay-styves.fr\/?page_id=4168","title":{"rendered":"Le projet pastoral"},"content":{"rendered":"<p><span style=\"font-family: verdana, geneva, sans-serif;\">ECOLE SAINT YVES<\/span><\/p>\n<p><strong><span style=\"font-family: verdana, geneva, sans-serif;\">Accueillir chacun dans le respect de ses croyances avec diff\u00e9rentes propositions.<\/span><\/strong><\/p>\n<p>E<span style=\"font-family: verdana, geneva, sans-serif;\">n maternelle, il s\u2019agit d\u2019une premi\u00e8re sensibilisation (grandes f\u00eates religieuses notamment).<\/span><\/p>\n<p><span style=\"font-family: verdana, geneva, sans-serif;\">A partir des classes d\u2019\u00e9l\u00e9mentaire, un temps est consacr\u00e9 chaque semaine au \u00ab&nbsp;caract\u00e8re propre&nbsp;\u00bb de notre \u00e9cole. Ce temps est cal\u00e9 dans l\u2019emploi du temps r\u00e9gulier de la classe.<\/span><\/p>\n<ul>\n<li><span style=\"font-family: verdana, geneva, sans-serif;\">En CP et CE1, il s\u2019agit d\u2019un \u00e9veil \u00e0 la Foi, avec \u00ab&nbsp;Les aventures de Zou\u00bb<\/span><\/li>\n<\/ul>\n<p><span style=\"font-family: verdana, geneva, sans-serif;\">Vid\u00e9o de pr\u00e9sentation <a href=\"https:\/\/decouverte.editions-mediaclap.fr\/?id=EVZ3A\">https:\/\/decouverte.editions-mediaclap.fr\/?id=EVZ3A<\/a><\/span><\/p>\n<ul>\n<li><span style=\"font-family: verdana, geneva, sans-serif;\">A partir du CE2, en fonction du cheminement de chacun, dans le respect et l\u2019accueil de tous, nous proposons aux \u00e9l\u00e8ves de choisir entre 2 parcours&nbsp;:&nbsp;<strong>cat\u00e9ch\u00e8se<\/strong>&nbsp;ou&nbsp;<strong>culture chr\u00e9tienne<\/strong>.<\/span><\/li>\n<\/ul>\n<p><span style=\"font-family: verdana, geneva, sans-serif;\"><strong>La cat\u00e9ch\u00e8se&nbsp;:<\/strong><\/span><\/p>\n<p><span style=\"font-family: verdana, geneva, sans-serif;\">C\u2019est vivre un parcours d\u2019\u00e9ducation de la foi.<\/span><\/p>\n<p><span style=\"font-family: verdana, geneva, sans-serif;\">En lien avec la Paroisse Saint Clair de Nozay, pour aider les enseignants, nous accueillons, \u00e0 partir du CE2, toutes &nbsp;les &nbsp;bonnes volont\u00e9s (parents, &nbsp;grands-parents \u2026) qui acceptent d\u2019encadrer un groupe d\u2019enfants. L\u2019inscription \u00e0 la cat\u00e9ch\u00e8se se fait au choix \u00e0 la paroisse. <\/span><\/p>\n<p><span style=\"font-family: verdana, geneva, sans-serif;\">Ce parcours pr\u00e9pare aux premiers sacrements.<\/span><\/p>\n<p><span style=\"font-family: verdana, geneva, sans-serif;\"><strong>La culture chr\u00e9tienne&nbsp;:<\/strong><\/span><\/p>\n<p><span style=\"font-family: verdana, geneva, sans-serif;\">L\u2019objectif est de transmettre un patrimoine culturel et religieux aux \u00e9l\u00e8ves et d\u2019ouvrir \u00e0 la question de Dieu. Le parcours intitul\u00e9 &nbsp;\u00ab Anne et L\u00e9o \u00bb est utilis\u00e9 avec les enfants. <\/span><\/p>\n<p><span style=\"font-family: verdana, geneva, sans-serif;\">Vid\u00e9o de pr\u00e9sentation <a href=\"https:\/\/decouverte.editions-mediaclap.fr\/?id=EVX4Q\">https:\/\/decouverte.editions-mediaclap.fr\/?id=EVX4Q<\/a><\/span><\/p>\n<p><a href=\"https:\/\/vay-styves.fr\/wp-content\/uploads\/2021\/12\/IMG_8850-scaled.jpg\"><img loading=\"lazy\" decoding=\"async\" class=\"aligncenter size-medium wp-image-45584\" src=\"https:\/\/vay-styves.fr\/wp-content\/uploads\/2021\/12\/IMG_8850-300x225.jpg\" alt=\"\" width=\"300\" height=\"225\" srcset=\"https:\/\/vay-styves.fr\/wp-content\/uploads\/2021\/12\/IMG_8850-300x225.jpg 300w, https:\/\/vay-styves.fr\/wp-content\/uploads\/2021\/12\/IMG_8850-1024x768.jpg 1024w, https:\/\/vay-styves.fr\/wp-content\/uploads\/2021\/12\/IMG_8850-768x576.jpg 768w, https:\/\/vay-styves.fr\/wp-content\/uploads\/2021\/12\/IMG_8850-1536x1152.jpg 1536w, https:\/\/vay-styves.fr\/wp-content\/uploads\/2021\/12\/IMG_8850-2048x1536.jpg 2048w\" sizes=\"auto, (max-width: 300px) 100vw, 300px\" \/><\/a> <a href=\"https:\/\/vay-styves.fr\/wp-content\/uploads\/2021\/12\/IMG_20211216_111059-scaled.jpg\"><img loading=\"lazy\" decoding=\"async\" class=\"aligncenter size-medium wp-image-45597\" src=\"https:\/\/vay-styves.fr\/wp-content\/uploads\/2021\/12\/IMG_20211216_111059-300x225.jpg\" alt=\"\" width=\"300\" height=\"225\" srcset=\"https:\/\/vay-styves.fr\/wp-content\/uploads\/2021\/12\/IMG_20211216_111059-300x225.jpg 300w, https:\/\/vay-styves.fr\/wp-content\/uploads\/2021\/12\/IMG_20211216_111059-1024x768.jpg 1024w, https:\/\/vay-styves.fr\/wp-content\/uploads\/2021\/12\/IMG_20211216_111059-768x576.jpg 768w, https:\/\/vay-styves.fr\/wp-content\/uploads\/2021\/12\/IMG_20211216_111059-1536x1152.jpg 1536w, https:\/\/vay-styves.fr\/wp-content\/uploads\/2021\/12\/IMG_20211216_111059-2048x1536.jpg 2048w\" sizes=\"auto, (max-width: 300px) 100vw, 300px\" \/><\/a> <a href=\"https:\/\/vay-styves.fr\/wp-content\/uploads\/2021\/12\/IMG_20211216_094917-scaled.jpg\"><img loading=\"lazy\" decoding=\"async\" class=\"aligncenter size-medium wp-image-45587\" src=\"https:\/\/vay-styves.fr\/wp-content\/uploads\/2021\/12\/IMG_20211216_094917-300x225.jpg\" alt=\"\" width=\"300\" height=\"225\" srcset=\"https:\/\/vay-styves.fr\/wp-content\/uploads\/2021\/12\/IMG_20211216_094917-300x225.jpg 300w, https:\/\/vay-styves.fr\/wp-content\/uploads\/2021\/12\/IMG_20211216_094917-1024x768.jpg 1024w, https:\/\/vay-styves.fr\/wp-content\/uploads\/2021\/12\/IMG_20211216_094917-768x576.jpg 768w, https:\/\/vay-styves.fr\/wp-content\/uploads\/2021\/12\/IMG_20211216_094917-1536x1152.jpg 1536w, https:\/\/vay-styves.fr\/wp-content\/uploads\/2021\/12\/IMG_20211216_094917-2048x1536.jpg 2048w\" sizes=\"auto, (max-width: 300px) 100vw, 300px\" \/><\/a> <a href=\"https:\/\/vay-styves.fr\/wp-content\/uploads\/2021\/12\/IMG_8845-scaled.jpg\"><img loading=\"lazy\" decoding=\"async\" class=\"aligncenter size-medium wp-image-45581\" src=\"https:\/\/vay-styves.fr\/wp-content\/uploads\/2021\/12\/IMG_8845-300x225.jpg\" alt=\"\" width=\"300\" height=\"225\" srcset=\"https:\/\/vay-styves.fr\/wp-content\/uploads\/2021\/12\/IMG_8845-300x225.jpg 300w, https:\/\/vay-styves.fr\/wp-content\/uploads\/2021\/12\/IMG_8845-1024x768.jpg 1024w, https:\/\/vay-styves.fr\/wp-content\/uploads\/2021\/12\/IMG_8845-768x576.jpg 768w, https:\/\/vay-styves.fr\/wp-content\/uploads\/2021\/12\/IMG_8845-1536x1152.jpg 1536w, https:\/\/vay-styves.fr\/wp-content\/uploads\/2021\/12\/IMG_8845-2048x1536.jpg 2048w\" sizes=\"auto, (max-width: 300px) 100vw, 300px\" \/><\/a> <a href=\"https:\/\/vay-styves.fr\/wp-content\/uploads\/2021\/12\/IMG_20211216_095527-scaled.jpg\"><img loading=\"lazy\" decoding=\"async\" class=\"aligncenter size-medium wp-image-45588\" src=\"https:\/\/vay-styves.fr\/wp-content\/uploads\/2021\/12\/IMG_20211216_095527-300x225.jpg\" alt=\"\" width=\"300\" height=\"225\" srcset=\"https:\/\/vay-styves.fr\/wp-content\/uploads\/2021\/12\/IMG_20211216_095527-300x225.jpg 300w, https:\/\/vay-styves.fr\/wp-content\/uploads\/2021\/12\/IMG_20211216_095527-1024x768.jpg 1024w, https:\/\/vay-styves.fr\/wp-content\/uploads\/2021\/12\/IMG_20211216_095527-768x576.jpg 768w, https:\/\/vay-styves.fr\/wp-content\/uploads\/2021\/12\/IMG_20211216_095527-1536x1152.jpg 1536w, https:\/\/vay-styves.fr\/wp-content\/uploads\/2021\/12\/IMG_20211216_095527-2048x1536.jpg 2048w\" sizes=\"auto, (max-width: 300px) 100vw, 300px\" \/><\/a><\/p>\n","protected":false},"excerpt":{"rendered":"<p>ECOLE SAINT YVES Accueillir chacun dans le respect de ses croyances avec diff\u00e9rentes propositions. En maternelle, il s\u2019agit d\u2019une premi\u00e8re sensibilisation (grandes f\u00eates religieuses notamment). A partir des classes d\u2019\u00e9l\u00e9mentaire, un temps est consacr\u00e9 chaque semaine au \u00ab&nbsp;caract\u00e8re propre&nbsp;\u00bb de notre \u00e9cole. Ce temps est cal\u00e9 dans l\u2019emploi du temps r\u00e9gulier de la classe. En&hellip; <br \/> <a class=\"read-more\" href=\"https:\/\/vay-styves.fr\/?page_id=4168\">Lire la suite<\/a><\/p>\n","protected":false},"author":11,"featured_media":0,"parent":0,"menu_order":0,"comment_status":"closed","ping_status":"closed","template":"","meta":{"ngg_post_thumbnail":0,"footnotes":""},"class_list":["post-4168","page","type-page","status-publish","hentry"],"_links":{"self":[{"href":"https:\/\/vay-styves.fr\/index.php?rest_route=\/wp\/v2\/pages\/4168","targetHints":{"allow":["GET"]}}],"collection":[{"href":"https:\/\/vay-styves.fr\/index.php?rest_route=\/wp\/v2\/pages"}],"about":[{"href":"https:\/\/vay-styves.fr\/index.php?rest_route=\/wp\/v2\/types\/page"}],"author":[{"embeddable":true,"href":"https:\/\/vay-styves.fr\/index.php?rest_route=\/wp\/v2\/users\/11"}],"replies":[{"embeddable":true,"href":"https:\/\/vay-styves.fr\/index.php?rest_route=%2Fwp%2Fv2%2Fcomments&post=4168"}],"version-history":[{"count":10,"href":"https:\/\/vay-styves.fr\/index.php?rest_route=\/wp\/v2\/pages\/4168\/revisions"}],"predecessor-version":[{"id":46126,"href":"https:\/\/vay-styves.fr\/index.php?rest_route=\/wp\/v2\/pages\/4168\/revisions\/46126"}],"wp:attachment":[{"href":"https:\/\/vay-styves.fr\/index.php?rest_route=%2Fwp%2Fv2%2Fmedia&parent=4168"}],"curies":[{"name":"wp","href":"https:\/\/api.w.org\/{rel}","templated":true}]}}

<p><span style="font-family: verdana, geneva, sans-serif;">ECOLE SAINT YVES</span></p>
<p><strong><span style="font-family: verdana, geneva, sans-serif;">Accueillir chacun dans le respect de ses croyances avec différentes propositions.</span></strong></p>
<p>E<span style="font-family: verdana, geneva, sans-serif;">n maternelle, il s’agit d’une première sensibilisation (grandes fêtes religieuses notamment).</span></p>
<p><span style="font-family: verdana, geneva, sans-serif;">A partir des classes d’élémentaire, un temps est consacré chaque semaine au «&nbsp;caractère propre&nbsp;» de notre école. Ce temps est calé dans l’emploi du temps régulier de la classe.</span></p>
<ul>
<li><span style="font-family: verdana, geneva, sans-serif;">En CP et CE1, il s’agit d’un éveil à la Foi, avec «&nbsp;Les aventures de Zou»</span></li>
</ul>
<p><span style="font-family: verdana, geneva, sans-serif;">Vidéo de présentation <a href="https://decouverte.editions-mediaclap.fr/?id=EVZ3A">https://decouverte.editions-mediaclap.fr/?id=EVZ3A</a></span></p>
<ul>
<li><span style="font-family: verdana, geneva, sans-serif;">A partir du CE2, en fonction du cheminement de chacun, dans le respect et l’accueil de tous, nous proposons aux élèves de choisir entre 2 parcours&nbsp;:&nbsp;<strong>catéchèse</strong>&nbsp;ou&nbsp;<strong>culture chrétienne</strong>.</span></li>
</ul>
<p><span style="font-family: verdana, geneva, sans-serif;"><strong>La catéchèse&nbsp;:</strong></span></p>
<p><span style="font-family: verdana, geneva, sans-serif;">C’est vivre un parcours d’éducation de la foi.</span></p>
<p><span style="font-family: verdana, geneva, sans-serif;">En lien avec la Paroisse Saint Clair de Nozay, pour aider les enseignants, nous accueillons, à partir du CE2, toutes &nbsp;les &nbsp;bonnes volontés (parents, &nbsp;grands-parents …) qui acceptent d’encadrer un groupe d’enfants. L’inscription à la catéchèse se fait au choix à la paroisse. </span></p>
<p><span style="font-family: verdana, geneva, sans-serif;">Ce parcours prépare aux premiers sacrements.</span></p>
<p><span style="font-family: verdana, geneva, sans-serif;"><strong>La culture chrétienne&nbsp;:</strong></span></p>
<p><span style="font-family: verdana, geneva, sans-serif;">L’objectif est de transmettre un patrimoine culturel et religieux aux élèves et d’ouvrir à la question de Dieu. Le parcours intitulé &nbsp;« Anne et Léo » est utilisé avec les enfants. </span></p>
<p><span style="font-family: verdana, geneva, sans-serif;">Vidéo de présentation <a href="https://decouverte.editions-mediaclap.fr/?id=EVX4Q">https://decouverte.editions-mediaclap.fr/?id=EVX4Q</a></span></p>
<p><a href="https://vay-styves.fr/wp-content/uploads/2021/12/IMG_8850-scaled.jpg"><img loading="lazy" decoding="async" class="aligncenter size-medium wp-image-45584" src="https://vay-styves.fr/wp-content/uploads/2021/12/IMG_8850-300x225.jpg" alt="" width="300" height="225" srcset="https://vay-styves.fr/wp-content/uploads/2021/12/IMG_8850-300x225.jpg 300w, https://vay-styves.fr/wp-content/uploads/2021/12/IMG_8850-1024x768.jpg 1024w, https://vay-styves.fr/wp-content/uploads/2021/12/IMG_8850-768x576.jpg 768w, https://vay-styves.fr/wp-content/uploads/2021/12/IMG_8850-1536x1152.jpg 1536w, https://vay-styves.fr/wp-content/uploads/2021/12/IMG_8850-2048x1536.jpg 2048w" sizes="auto, (max-width: 300px) 100vw, 300px" /></a> <a href="https://vay-styves.fr/wp-content/uploads/2021/12/IMG_20211216_111059-scaled.jpg"><img loading="lazy" decoding="async" class="aligncenter size-medium wp-image-45597" src="https://vay-styves.fr/wp-content/uploads/2021/12/IMG_20211216_111059-300x225.jpg" alt="" width="300" height="225" srcset="https://vay-styves.fr/wp-content/uploads/2021/12/IMG_20211216_111059-300x225.jpg 300w, https://vay-styves.fr/wp-content/uploads/2021/12/IMG_20211216_111059-1024x768.jpg 1024w, https://vay-styves.fr/wp-content/uploads/2021/12/IMG_20211216_111059-768x576.jpg 768w, https://vay-styves.fr/wp-content/uploads/2021/12/IMG_20211216_111059-1536x1152.jpg 1536w, https://vay-styves.fr/wp-content/uploads/2021/12/IMG_20211216_111059-2048x1536.jpg 2048w" sizes="auto, (max-width: 300px) 100vw, 300px" /></a> <a href="https://vay-styves.fr/wp-content/uploads/2021/12/IMG_20211216_094917-scaled.jpg"><img loading="lazy" decoding="async" class="aligncenter size-medium wp-image-45587" src="https://vay-styves.fr/wp-content/uploads/2021/12/IMG_20211216_094917-300x225.jpg" alt="" width="300" height="225" srcset="https://vay-styves.fr/wp-content/uploads/2021/12/IMG_20211216_094917-300x225.jpg 300w, https://vay-styves.fr/wp-content/uploads/2021/12/IMG_20211216_094917-1024x768.jpg 1024w, https://vay-styves.fr/wp-content/uploads/2021/12/IMG_20211216_094917-768x576.jpg 768w, https://vay-styves.fr/wp-content/uploads/2021/12/IMG_20211216_094917-1536x1152.jpg 1536w, https://vay-styves.fr/wp-content/uploads/2021/12/IMG_20211216_094917-2048x1536.jpg 2048w" sizes="auto, (max-width: 300px) 100vw, 300px" /></a> <a href="https://vay-styves.fr/wp-content/uploads/2021/12/IMG_8845-scaled.jpg"><img loading="lazy" decoding="async" class="aligncenter size-medium wp-image-45581" src="https://vay-styves.fr/wp-content/uploads/2021/12/IMG_8845-300x225.jpg" alt="" width="300" height="225" srcset="https://vay-styves.fr/wp-content/uploads/2021/12/IMG_8845-300x225.jpg 300w, https://vay-styves.fr/wp-content/uploads/2021/12/IMG_8845-1024x768.jpg 1024w, https://vay-styves.fr/wp-content/uploads/2021/12/IMG_8845-768x576.jpg 768w, https://vay-styves.fr/wp-content/uploads/2021/12/IMG_8845-1536x1152.jpg 1536w, https://vay-styves.fr/wp-content/uploads/2021/12/IMG_8845-2048x1536.jpg 2048w" sizes="auto, (max-width: 300px) 100vw, 300px" /></a> <a href="https://vay-styves.fr/wp-content/uploads/2021/12/IMG_20211216_095527-scaled.jpg"><img loading="lazy" decoding="async" class="aligncenter size-medium wp-image-45588" src="https://vay-styves.fr/wp-content/uploads/2021/12/IMG_20211216_095527-300x225.jpg" alt="" width="300" height="225" srcset="https://vay-styves.fr/wp-content/uploads/2021/12/IMG_20211216_095527-300x225.jpg 300w, https://vay-styves.fr/wp-content/uploads/2021/12/IMG_20211216_095527-1024x768.jpg 1024w, https://vay-styves.fr/wp-content/uploads/2021/12/IMG_20211216_095527-768x576.jpg 768w, https://vay-styves.fr/wp-content/uploads/2021/12/IMG_20211216_095527-1536x1152.jpg 1536w, https://vay-styves.fr/wp-content/uploads/2021/12/IMG_20211216_095527-2048x1536.jpg 2048w" sizes="auto, (max-width: 300px) 100vw, 300px" /></a></p>

<p>ECOLE SAINT YVES Accueillir chacun dans le respect de ses croyances avec différentes propositions. En maternelle, il s’agit d’une première sensibilisation (grandes fêtes religieuses notamment). A partir des classes d’élémentaire, un temps est consacré chaque semaine au «&nbsp;caractère propre&nbsp;» de notre école. Ce temps est calé dans l’emploi du temps régulier de la classe. En&hellip; <br /> <a class="read-more" href="https://vay-styves.fr/?page_id=4168">Lire la suite</a></p>
