{"id":2,"date":"2014-12-12T08:23:26","date_gmt":"2014-12-12T07:23:26","guid":{"rendered":"https:\/\/vay-styves.fr\/?page_id=2"},"modified":"2024-11-23T06:59:25","modified_gmt":"2024-11-23T05:59:25","slug":"accueil","status":"publish","type":"page","link":"https:\/\/vay-styves.fr\/","title":{"rendered":"Accueil"},"content":{"rendered":"<div id=\"pl-2\"  class=\"panel-layout\" ><div id=\"pg-2-0\"  class=\"panel-grid panel-no-style\" ><div id=\"pgc-2-0-0\"  class=\"panel-grid-cell\" ><div id=\"panel-2-0-0-0\" class=\"so-panel widget widget_sow-editor panel-first-child\" data-index=\"0\" ><div class=\"panel-widget-style panel-widget-style-for-2-0-0-0\" ><div\n\t\t\t\n\t\t\tclass=\"so-widget-sow-editor so-widget-sow-editor-base\"\n\t\t\t\n\t\t>\n<div class=\"siteorigin-widget-tinymce textwidget\">\n\t<h6 style=\"text-align: center;\"><span style=\"font-size: 12pt; color: #dcf0a1;\"><strong><span style=\"font-family: trebuchet ms, geneva, sans-serif;\">ADRESSE<\/span><\/strong><\/span><\/h6>\n<h6 style=\"text-align: left;\"><span style=\"font-family: trebuchet ms, geneva, sans-serif; font-size: 10pt; color: #000000;\">&nbsp;<span style=\"color: #ffffff;\"> 9 route de Pless\u00e9&nbsp;&nbsp;<br \/>\n<\/span><\/span><span style=\"color: #ffffff; font-family: trebuchet ms, geneva, sans-serif;\"><span style=\"font-size: 10pt;\">&nbsp;44 170&nbsp; Vay<\/span><\/span><\/h6>\n<\/div>\n<\/div><\/div><\/div><div id=\"panel-2-0-0-1\" class=\"so-panel widget widget_sow-editor\" data-index=\"1\" ><div class=\"panel-widget-style panel-widget-style-for-2-0-0-1\" ><div\n\t\t\t\n\t\t\tclass=\"so-widget-sow-editor so-widget-sow-editor-base\"\n\t\t\t\n\t\t>\n<div class=\"siteorigin-widget-tinymce textwidget\">\n\t<h6 style=\"text-align: center;\"><strong><span style=\"font-family: trebuchet ms, geneva, sans-serif; color: #abf59d;\"><span style=\"color: #f2bb96; font-size: 12pt;\">HORAIRES D'OUVERTURE<\/span><br \/>\n<\/span><\/strong><\/h6>\n<h6 style=\"text-align: left;\"><span style=\"font-family: trebuchet ms, geneva, sans-serif; color: #000000;\">&nbsp;<span style=\"color: #ffffff;\"> Lun. Mar. Jeu.Ven. : 8h40-16h15<\/span><\/span><\/h6>\n<div id=\"sconnect-is-installed\" style=\"display: none;\">&nbsp;<\/div>\n<div id=\"sconnect-is-installed\" style=\"display: none;\">&nbsp;<\/div>\n<div id=\"sconnect-is-installed\" style=\"display: none;\">&nbsp;<\/div>\n<div id=\"sconnect-is-installed\" style=\"display: none;\">&nbsp;<\/div>\n<div id=\"sconnect-is-installed\" style=\"display: none;\">&nbsp;<\/div>\n<div id=\"sconnect-is-installed\" style=\"display: none;\">&nbsp;<\/div>\n<\/div>\n<\/div><\/div><\/div><div id=\"panel-2-0-0-2\" class=\"so-panel widget widget_sow-editor panel-last-child\" data-index=\"2\" ><div class=\"panel-widget-style panel-widget-style-for-2-0-0-2\" ><div\n\t\t\t\n\t\t\tclass=\"so-widget-sow-editor so-widget-sow-editor-base\"\n\t\t\t\n\t\t>\n<div class=\"siteorigin-widget-tinymce textwidget\">\n\t<h6 style=\"text-align: center;\"><strong><span style=\"font-family: trebuchet ms, geneva, sans-serif; color: #abf59d;\"><span style=\"color: #8aa4f2; font-size: 12pt;\">TELEPHONE ET EMAIL<\/span><br \/>\n<\/span><\/strong><\/h6>\n<p style=\"text-align: left;\"><span style=\"font-family: trebuchet ms, geneva, sans-serif; font-size: 10pt; color: #000000;\">&nbsp; <span style=\"color: #ffffff;\">02 40 79 57 80<\/span><\/span><\/p>\n<p style=\"text-align: left;\"><span style=\"font-family: trebuchet ms, geneva, sans-serif; font-size: 10pt; color: #ffffff;\">&nbsp; ec.vay.st-yves@ec44.fr<\/span><\/p>\n<div id=\"sconnect-is-installed\" style=\"display: none;\">&nbsp;<\/div>\n<div id=\"sconnect-is-installed\" style=\"display: none;\">&nbsp;<\/div>\n<div id=\"sconnect-is-installed\" style=\"display: none;\">&nbsp;<\/div>\n<\/div>\n<\/div><\/div><\/div><\/div><div id=\"pgc-2-0-1\"  class=\"panel-grid-cell\" ><div id=\"panel-2-0-1-0\" class=\"so-panel widget widget_sow-editor panel-first-child panel-last-child\" data-index=\"3\" ><div\n\t\t\t\n\t\t\tclass=\"so-widget-sow-editor so-widget-sow-editor-base\"\n\t\t\t\n\t\t>\n<div class=\"siteorigin-widget-tinymce textwidget\">\n\tngg_shortcode_0_placeholder\n<div id=\"sconnect-is-installed\" style=\"display: none;\">&nbsp;<\/div>\n<div id=\"sconnect-is-installed\" style=\"display: none;\">&nbsp;<\/div>\n<div id=\"sconnect-is-installed\" style=\"display: none;\">&nbsp;<\/div>\n<div id=\"sconnect-is-installed\" style=\"display: none;\">&nbsp;<\/div>\n<\/div>\n<\/div><\/div><\/div><div id=\"pgc-2-0-2\"  class=\"panel-grid-cell\" ><div id=\"panel-2-0-2-0\" class=\"so-panel widget widget_sow-editor panel-first-child panel-last-child\" data-index=\"4\" ><div\n\t\t\t\n\t\t\tclass=\"so-widget-sow-editor so-widget-sow-editor-base\"\n\t\t\t\n\t\t>\n<div class=\"siteorigin-widget-tinymce textwidget\">\n\t<p style=\"text-align: left;\"><div class=\"mec-wrap mec-skin-grid-container  \" id=\"mec_skin_46070\">\r\n\r\n    \r\n            <div class=\"mec-skin-grid-events-container\" id=\"mec_skin_events_46070\">\r\n        <div class=\"mec-wrap \">\r\n    <div class=\"mec-event-grid-minimal\" data-widget-autoplay=\"1\" data-widget-loop=\"1\" data-widget-autoplay-time=\"3000\">\r\n        <div class=\"row\"><div class=\"col-md-12 col-sm-12\"><article class=\" mec-event-article mec-clear  \" itemscope>                    <div class=\"mec-event-date mec-bg-color-hover mec-border-color-hover mec-color\"><span>27<\/span>Juin<\/div>\r\n            <div class=\"event-detail-wrap\">\r\n                <h4 class=\"mec-event-title\"><a class=\"mec-color-hover\" data-event-id=\"48773\" href=\"https:\/\/vay-styves.fr\/?mec-events=kermesse-3\" target=\"_self\" rel=\"noopener\">Kermesse<\/a><\/h4>\r\n                                                <div class=\"mec-event-detail\">\r\n                    <div class=\"mec-event-loc-place\"><\/div>\r\n                                                                            <\/div>\r\n            <\/div>\r\n        <\/article><\/div><\/div>                        \t<\/div>\r\n<\/div>\r\n\r\n    <\/div>\r\n    <div class=\"mec-skin-grid-no-events-container mec-util-hidden\" id=\"mec_skin_no_events_46070\">\r\n        Pas d&#039;\u00e9v\u00e9nement actuellement programm\u00e9.    <\/div>\r\n    \r\n    \r\n<\/div><\/p>\n<p>&nbsp;<\/p>\n<div id=\"sconnect-is-installed\" style=\"display: none;\">&nbsp;<\/div>\n<\/div>\n<\/div><\/div><\/div><\/div><div id=\"pg-2-1\"  class=\"panel-grid panel-no-style\" ><div id=\"pgc-2-1-0\"  class=\"panel-grid-cell\" ><div id=\"panel-2-1-0-0\" class=\"so-panel widget widget_sow-post-carousel panel-first-child panel-last-child\" data-index=\"5\" ><div\n\t\t\t\n\t\t\tclass=\"so-widget-sow-post-carousel so-widget-sow-post-carousel-base-f79712cd714a-48773\"\n\t\t\t\n\t\t>\t<div\n\t\tclass=\"sow-post-carousel-wrapper sow-post-carousel-theme-base\"\n\t\tstyle=\"overflow: hidden; max-width: 100%; min-height: 182px\"\n\t>\n\t\t<div class=\"sow-carousel-title has-title\">\n\t<h3 class=\"widget-title\">Les derniers articles<\/h3>\t\t<div class=\"sow-carousel-navigation \">\n\t\t\t\t\t\t<a href=\"#\" class=\"sow-carousel-next\" title=\"Suivant\" aria-label=\"Next Posts\" role=\"button\"><\/a>\n\t\t\t\t\t\t<a href=\"#\" class=\"sow-carousel-previous\" title=\"Pr\u00e9c\u00e9dent\" aria-label=\"Previous Posts\" role=\"button\"><\/a>\n\t\t\t\t\t<\/div>\n\t<\/div>\n\n<div class=\"sow-carousel-container \">\n\t\t<div class=\"sow-carousel-wrapper\"\n\t\tdata-dir=\"ltr\"\n\t\tstyle=\"opacity: 0;\"\n\t\tdata-widget=\"post\" data-fetching=\"false\" data-page=\"1\" data-ajax-url=\"https:\/\/vay-styves.fr\/wp-admin\/admin-ajax.php?_widgets_nonce=59cbe9831b\" data-item_count=\"226\" data-carousel_settings=\"{&quot;loop&quot;:true,&quot;animation&quot;:&quot;Ease&quot;,&quot;animation_speed&quot;:800,&quot;autoplay&quot;:false,&quot;pauseOnHover&quot;:false,&quot;autoplaySpeed&quot;:8000,&quot;item_overflow&quot;:true,&quot;autoplay_continuous_scroll&quot;:false}\" data-responsive=\"{&quot;desktop_slides_to_scroll&quot;:1,&quot;tablet_landscape_breakpoint&quot;:1366,&quot;tablet_landscape_slides_to_scroll&quot;:2,&quot;tablet_portrait_breakpoint&quot;:1025,&quot;tablet_portrait_slides_to_scroll&quot;:2,&quot;mobile_breakpoint&quot;:480,&quot;mobile_slides_to_scroll&quot;:1}\" data-variable_width=\"true\" \t>\n\t\t<div\n\t\t\tclass=\"sow-carousel-items\"\n\t\t\t\t\t>\n\t\t\t\t<div class=\"sow-carousel-item\" tabindex=\"-1\" style=\"float: left;\">\n\t\t<div class=\"sow-carousel-thumbnail\">\n\t\t\t\t\t\t\t<a\n\t\t\t\t\thref=\"https:\/\/vay-styves.fr\/?p=48871\"\n\t\t\t\t\t\t\t\t\t\tstyle=\"background-image: url( https:\/\/vay-styves.fr\/wp-content\/uploads\/2026\/03\/kinball-1-272x182.jpg )\"\n\t\t\t\t\taria-labelledby=\"sow-carousel-id-48871\"\n\t\t\t\t\ttabindex=\"-1\"\n\t\t\t\t>\n\t\t\t\t\t<span class=\"overlay\"><\/span>\n\t\t\t\t<\/a>\n\t\t\t\t\t<\/div>\n\t\t<h3 class=\"sow-carousel-item-title\">\n\t\t\t<a\n\t\t\t\thref=\"https:\/\/vay-styves.fr\/?p=48871\"\n\t\t\t\tid=\"sow-carousel-id-48871\"\n\t\t\t\t\t\t\t\ttabindex=\"-1\"\n\t\t\t>\n\n\t\t\t\tJanvier f\u00e9vrier chez les PS et MS\t\t\t<\/a>\n\t\t<\/h3>\n\t<\/div>\n\t<div class=\"sow-carousel-item\" tabindex=\"-1\" style=\"float: left;\">\n\t\t<div class=\"sow-carousel-thumbnail\">\n\t\t\t\t\t\t\t<a\n\t\t\t\t\thref=\"https:\/\/vay-styves.fr\/?p=48862\"\n\t\t\t\t\t\t\t\t\t\tstyle=\"background-image: url( https:\/\/vay-styves.fr\/wp-content\/uploads\/2025\/11\/20251010_112417-272x182.jpg )\"\n\t\t\t\t\taria-labelledby=\"sow-carousel-id-48862\"\n\t\t\t\t\ttabindex=\"-1\"\n\t\t\t\t>\n\t\t\t\t\t<span class=\"overlay\"><\/span>\n\t\t\t\t<\/a>\n\t\t\t\t\t<\/div>\n\t\t<h3 class=\"sow-carousel-item-title\">\n\t\t\t<a\n\t\t\t\thref=\"https:\/\/vay-styves.fr\/?p=48862\"\n\t\t\t\tid=\"sow-carousel-id-48862\"\n\t\t\t\t\t\t\t\ttabindex=\"-1\"\n\t\t\t>\n\n\t\t\t\tEcole dehors chez les PS MS\t\t\t<\/a>\n\t\t<\/h3>\n\t<\/div>\n\t<div class=\"sow-carousel-item\" tabindex=\"-1\" style=\"float: left;\">\n\t\t<div class=\"sow-carousel-thumbnail\">\n\t\t\t\t\t\t\t<a\n\t\t\t\t\thref=\"https:\/\/vay-styves.fr\/?p=48852\"\n\t\t\t\t\t\t\t\t\t\tstyle=\"background-image: url( https:\/\/vay-styves.fr\/wp-content\/uploads\/2025\/11\/espace-scenario-1-272x182.jpg )\"\n\t\t\t\t\taria-labelledby=\"sow-carousel-id-48852\"\n\t\t\t\t\ttabindex=\"-1\"\n\t\t\t\t>\n\t\t\t\t\t<span class=\"overlay\"><\/span>\n\t\t\t\t<\/a>\n\t\t\t\t\t<\/div>\n\t\t<h3 class=\"sow-carousel-item-title\">\n\t\t\t<a\n\t\t\t\thref=\"https:\/\/vay-styves.fr\/?p=48852\"\n\t\t\t\tid=\"sow-carousel-id-48852\"\n\t\t\t\t\t\t\t\ttabindex=\"-1\"\n\t\t\t>\n\n\t\t\t\tLe marchand de glaces et le fleuriste\t\t\t<\/a>\n\t\t<\/h3>\n\t<\/div>\n\t<div class=\"sow-carousel-item\" tabindex=\"-1\" style=\"float: left;\">\n\t\t<div class=\"sow-carousel-thumbnail\">\n\t\t\t\t\t\t\t<a\n\t\t\t\t\thref=\"https:\/\/vay-styves.fr\/?p=48839\"\n\t\t\t\t\t\t\t\t\t\tstyle=\"background-image: url( https:\/\/vay-styves.fr\/wp-content\/uploads\/2025\/11\/musique-272x182.jpg )\"\n\t\t\t\t\taria-labelledby=\"sow-carousel-id-48839\"\n\t\t\t\t\ttabindex=\"-1\"\n\t\t\t\t>\n\t\t\t\t\t<span class=\"overlay\"><\/span>\n\t\t\t\t<\/a>\n\t\t\t\t\t<\/div>\n\t\t<h3 class=\"sow-carousel-item-title\">\n\t\t\t<a\n\t\t\t\thref=\"https:\/\/vay-styves.fr\/?p=48839\"\n\t\t\t\tid=\"sow-carousel-id-48839\"\n\t\t\t\t\t\t\t\ttabindex=\"-1\"\n\t\t\t>\n\n\t\t\t\tSeptembre octobre en PS et MS\t\t\t<\/a>\n\t\t<\/h3>\n\t<\/div>\n\t<div class=\"sow-carousel-item\" tabindex=\"-1\" style=\"float: left;\">\n\t\t<div class=\"sow-carousel-thumbnail\">\n\t\t\t\t\t\t\t<a\n\t\t\t\t\thref=\"https:\/\/vay-styves.fr\/?p=48825\"\n\t\t\t\t\t\t\t\t\t\tstyle=\"background-image: url( https:\/\/vay-styves.fr\/wp-content\/uploads\/2025\/10\/WhatsApp-Image-2025-09-12-at-09.16.15-1-600x800-1-272x182.jpg )\"\n\t\t\t\t\taria-labelledby=\"sow-carousel-id-48825\"\n\t\t\t\t\ttabindex=\"-1\"\n\t\t\t\t>\n\t\t\t\t\t<span class=\"overlay\"><\/span>\n\t\t\t\t<\/a>\n\t\t\t\t\t<\/div>\n\t\t<h3 class=\"sow-carousel-item-title\">\n\t\t\t<a\n\t\t\t\thref=\"https:\/\/vay-styves.fr\/?p=48825\"\n\t\t\t\tid=\"sow-carousel-id-48825\"\n\t\t\t\t\t\t\t\ttabindex=\"-1\"\n\t\t\t>\n\n\t\t\t\tClasse dehors: premi\u00e8re sortie\t\t\t<\/a>\n\t\t<\/h3>\n\t<\/div>\n\t<div class=\"sow-carousel-item\" tabindex=\"-1\" style=\"float: left;\">\n\t\t<div class=\"sow-carousel-thumbnail\">\n\t\t\t\t\t\t\t<a\n\t\t\t\t\thref=\"https:\/\/vay-styves.fr\/?p=48812\"\n\t\t\t\t\t\t\t\t\t\tstyle=\"background-image: url( https:\/\/vay-styves.fr\/wp-content\/uploads\/2025\/10\/WhatsApp-Image-2025-09-10-at-13.21.10-800x600-1-272x182.jpg )\"\n\t\t\t\t\taria-labelledby=\"sow-carousel-id-48812\"\n\t\t\t\t\ttabindex=\"-1\"\n\t\t\t\t>\n\t\t\t\t\t<span class=\"overlay\"><\/span>\n\t\t\t\t<\/a>\n\t\t\t\t\t<\/div>\n\t\t<h3 class=\"sow-carousel-item-title\">\n\t\t\t<a\n\t\t\t\thref=\"https:\/\/vay-styves.fr\/?p=48812\"\n\t\t\t\tid=\"sow-carousel-id-48812\"\n\t\t\t\t\t\t\t\ttabindex=\"-1\"\n\t\t\t>\n\n\t\t\t\tNos apprentissages de septembre\t\t\t<\/a>\n\t\t<\/h3>\n\t<\/div>\n\t<div class=\"sow-carousel-item\" tabindex=\"-1\" style=\"float: left;\">\n\t\t<div class=\"sow-carousel-thumbnail\">\n\t\t\t\t\t\t\t<a\n\t\t\t\t\thref=\"https:\/\/vay-styves.fr\/?p=48809\"\n\t\t\t\t\t\t\t\t\t\tstyle=\"background-image: url( https:\/\/vay-styves.fr\/wp-content\/uploads\/2025\/10\/ecriture-800x600-1-272x182.jpg )\"\n\t\t\t\t\taria-labelledby=\"sow-carousel-id-48809\"\n\t\t\t\t\ttabindex=\"-1\"\n\t\t\t\t>\n\t\t\t\t\t<span class=\"overlay\"><\/span>\n\t\t\t\t<\/a>\n\t\t\t\t\t<\/div>\n\t\t<h3 class=\"sow-carousel-item-title\">\n\t\t\t<a\n\t\t\t\thref=\"https:\/\/vay-styves.fr\/?p=48809\"\n\t\t\t\tid=\"sow-carousel-id-48809\"\n\t\t\t\t\t\t\t\ttabindex=\"-1\"\n\t\t\t>\n\n\t\t\t\tVive la rentr\u00e9e en MS-GS\t\t\t<\/a>\n\t\t<\/h3>\n\t<\/div>\n\t<div class=\"sow-carousel-item\" tabindex=\"-1\" style=\"float: left;\">\n\t\t<div class=\"sow-carousel-thumbnail\">\n\t\t\t\t\t\t\t<a\n\t\t\t\t\thref=\"https:\/\/vay-styves.fr\/?p=48745\"\n\t\t\t\t\t\t\t\t\t\tstyle=\"background-image: url( https:\/\/vay-styves.fr\/wp-content\/uploads\/2025\/06\/20250617_095350-272x182.jpg )\"\n\t\t\t\t\taria-labelledby=\"sow-carousel-id-48745\"\n\t\t\t\t\ttabindex=\"-1\"\n\t\t\t\t>\n\t\t\t\t\t<span class=\"overlay\"><\/span>\n\t\t\t\t<\/a>\n\t\t\t\t\t<\/div>\n\t\t<h3 class=\"sow-carousel-item-title\">\n\t\t\t<a\n\t\t\t\thref=\"https:\/\/vay-styves.fr\/?p=48745\"\n\t\t\t\tid=\"sow-carousel-id-48745\"\n\t\t\t\t\t\t\t\ttabindex=\"-1\"\n\t\t\t>\n\n\t\t\t\tMatin\u00e9e au poney club\t\t\t<\/a>\n\t\t<\/h3>\n\t<\/div>\n\t<div class=\"sow-carousel-item\" tabindex=\"-1\" style=\"float: left;\">\n\t\t<div class=\"sow-carousel-thumbnail\">\n\t\t\t\t\t\t\t<a\n\t\t\t\t\thref=\"https:\/\/vay-styves.fr\/?p=48737\"\n\t\t\t\t\t\t\t\t\t\tstyle=\"background-image: url( https:\/\/vay-styves.fr\/wp-content\/uploads\/2025\/06\/20250619_092912-272x182.jpg )\"\n\t\t\t\t\taria-labelledby=\"sow-carousel-id-48737\"\n\t\t\t\t\ttabindex=\"-1\"\n\t\t\t\t>\n\t\t\t\t\t<span class=\"overlay\"><\/span>\n\t\t\t\t<\/a>\n\t\t\t\t\t<\/div>\n\t\t<h3 class=\"sow-carousel-item-title\">\n\t\t\t<a\n\t\t\t\thref=\"https:\/\/vay-styves.fr\/?p=48737\"\n\t\t\t\tid=\"sow-carousel-id-48737\"\n\t\t\t\t\t\t\t\ttabindex=\"-1\"\n\t\t\t>\n\n\t\t\t\tclasse dehors chez les PS\t\t\t<\/a>\n\t\t<\/h3>\n\t<\/div>\n\t<div class=\"sow-carousel-item\" tabindex=\"-1\" style=\"float: left;\">\n\t\t<div class=\"sow-carousel-thumbnail\">\n\t\t\t\t\t\t\t<a\n\t\t\t\t\thref=\"https:\/\/vay-styves.fr\/?p=48729\"\n\t\t\t\t\t\t\t\t\t\tstyle=\"background-image: url( https:\/\/vay-styves.fr\/wp-content\/uploads\/2025\/05\/20250516_105935-480x640-1-272x182.jpg )\"\n\t\t\t\t\taria-labelledby=\"sow-carousel-id-48729\"\n\t\t\t\t\ttabindex=\"-1\"\n\t\t\t\t>\n\t\t\t\t\t<span class=\"overlay\"><\/span>\n\t\t\t\t<\/a>\n\t\t\t\t\t<\/div>\n\t\t<h3 class=\"sow-carousel-item-title\">\n\t\t\t<a\n\t\t\t\thref=\"https:\/\/vay-styves.fr\/?p=48729\"\n\t\t\t\tid=\"sow-carousel-id-48729\"\n\t\t\t\t\t\t\t\ttabindex=\"-1\"\n\t\t\t>\n\n\t\t\t\tClasse dehors en MS-GS\t\t\t<\/a>\n\t\t<\/h3>\n\t<\/div>\n\t\t<\/div>\n\t\t\t<\/div>\n\n\t<\/div>\n\t\t<input type=\"hidden\" name=\"instance_hash\" value=\"a44875a0\"\/>\n\t<\/div>\n<\/div><\/div><\/div><\/div><\/div>","protected":false},"excerpt":{"rendered":"<p>ADRESSE &nbsp; 9 route de Pless\u00e9&nbsp;&nbsp; &nbsp;44 170&nbsp; Vay HORAIRES D&rsquo;OUVERTURE &nbsp; Lun. Mar. Jeu.Ven. : 8h40-16h15 &nbsp; &nbsp; &nbsp; &nbsp; &nbsp; &nbsp; TELEPHONE ET EMAIL &nbsp; 02 40 79 57 80 &nbsp; ec.vay.st-yves@ec44.fr &nbsp; &nbsp; &nbsp; Basket Image 1 parmi 9 &nbsp; &nbsp; &nbsp; &nbsp; 10D\u00e9c AG OGEC &#8211; ASC 13D\u00e9c March\u00e9 de No\u00ebl&hellip; <br \/> <a class=\"read-more\" href=\"https:\/\/vay-styves.fr\/?p=48729\">Lire la suite<\/a><\/p>\n","protected":false},"author":1,"featured_media":0,"parent":0,"menu_order":0,"comment_status":"closed","ping_status":"closed","template":"","meta":{"ngg_post_thumbnail":0,"footnotes":""},"class_list":["post-2","page","type-page","status-publish","hentry"],"_links":{"self":[{"href":"https:\/\/vay-styves.fr\/index.php?rest_route=\/wp\/v2\/pages\/2","targetHints":{"allow":["GET"]}}],"collection":[{"href":"https:\/\/vay-styves.fr\/index.php?rest_route=\/wp\/v2\/pages"}],"about":[{"href":"https:\/\/vay-styves.fr\/index.php?rest_route=\/wp\/v2\/types\/page"}],"author":[{"embeddable":true,"href":"https:\/\/vay-styves.fr\/index.php?rest_route=\/wp\/v2\/users\/1"}],"replies":[{"embeddable":true,"href":"https:\/\/vay-styves.fr\/index.php?rest_route=%2Fwp%2Fv2%2Fcomments&post=2"}],"version-history":[{"count":61,"href":"https:\/\/vay-styves.fr\/index.php?rest_route=\/wp\/v2\/pages\/2\/revisions"}],"predecessor-version":[{"id":48545,"href":"https:\/\/vay-styves.fr\/index.php?rest_route=\/wp\/v2\/pages\/2\/revisions\/48545"}],"wp:attachment":[{"href":"https:\/\/vay-styves.fr\/index.php?rest_route=%2Fwp%2Fv2%2Fmedia&parent=2"}],"curies":[{"name":"wp","href":"https:\/\/api.w.org\/{rel}","templated":true}]}}