{"id":179,"date":"2015-01-24T16:09:25","date_gmt":"2015-01-24T15:09:25","guid":{"rendered":"https:\/\/vay-styves.fr\/?page_id=179"},"modified":"2024-11-23T08:54:26","modified_gmt":"2024-11-23T07:54:26","slug":"inscriptions","status":"publish","type":"page","link":"https:\/\/vay-styves.fr\/?page_id=179","title":{"rendered":"Inscriptions"},"content":{"rendered":"<p><span style=\"font-family: verdana, geneva, sans-serif;\">Cliquez ci-dessous :<\/span><\/p>\n<p><a href=\"https:\/\/vay-styves.fr\/wp-content\/uploads\/2024\/11\/INSCRIPTIONS-2025.pdf\">INSCRIPTIONS 2025<\/a>&nbsp;<\/p>\n<p><span style=\"font-family: verdana, geneva, sans-serif; font-size: 12pt;\">Afin d&rsquo;organiser au mieux la prochaine rentr\u00e9e scolaire 2025 2026, les rendez-vous pour les nouvelles inscriptions se feront \u00e0 partir du mois de janvier 2025. <\/span><span style=\"font-family: verdana, geneva, sans-serif;\">Les futurs parents peuvent cependant se manifester avant, en t\u00e9l\u00e9phonant au 02 40 79 57 80 ou en renseignant le formulaire de pr\u00e9-inscription du site de l\u2019\u00e9cole (en cliquant sur le bouton \u00ab\u00a0inscription\u00a0\u00bb de la page d&rsquo;accueil du site).<\/span><\/p>\n<p><span style=\"font-family: verdana, geneva, sans-serif; font-size: 12pt;\">Je me tiens \u00e0 la disposition des familles qui souhaitent inscrire leur(s) enfant(s) pour la prochaine ann\u00e9e scolaire en classe maternelle ou en classe primaire.<\/span><\/p>\n<p><span style=\"font-family: verdana, geneva, sans-serif; font-size: 12pt;\">Si besoin, n&rsquo;h\u00e9sitez pas \u00e0 appeler au 02-40-79-57-80 ou \u00e0 envoyer un mail : <strong><span style=\"color: #0000ff;\">ec.vay.st-yves@ec44.fr<br \/>\n<\/span><\/strong><\/span><\/p>\n<p><span style=\"font-family: verdana, geneva, sans-serif; font-size: 12pt;\">Sont concern\u00e9s, les enfants :<\/span><\/p>\n<ul>\n<li><span style=\"font-family: verdana, geneva, sans-serif;\">n\u00e9s en 2022 pour une rentr\u00e9e en septembre 2025 en classe de petite section (PS),<\/span><\/li>\n<li><span style=\"font-family: verdana, geneva, sans-serif;\">n\u00e9s en 2023 pour une rentr\u00e9e en septembre 2025 en classe de toute petite section (TPS).<\/span><\/li>\n<\/ul>\n<p><span style=\"font-family: verdana, geneva, sans-serif; font-size: 12pt;\">Pour l&rsquo;inscription, l&rsquo;\u00e9cole a besoin du carnet de sant\u00e9 de votre enfant et de votre livret de famille.<\/span><\/p>\n<p><span style=\"font-family: verdana, geneva, sans-serif; font-size: 12pt; color: #008080;\"><strong>L&rsquo;accueil p\u00e9riscolaire <span style=\"text-decoration: underline;\">municipal<\/span> ouvre le matin \u00e0 7h30 et ferme \u00e0 18h30 (pas d&rsquo;accueil pour les TPS n&rsquo;ayant pas 3 ans).<\/strong><\/span><\/p>\n<p>&nbsp;<\/p>\n<p><span style=\"font-family: verdana, geneva, sans-serif; font-size: 12pt;\">Mme Le R\u00e9gent,<\/span><\/p>\n<p><span style=\"font-family: verdana, geneva, sans-serif; font-size: 12pt;\">Cheffe d&rsquo;\u00e9tablissement<\/span><\/p>\n<p>&nbsp;<\/p>\n<div id=\"sconnect-is-installed\" style=\"display: none;\">&nbsp;<\/div>\n<div id=\"sconnect-is-installed\" style=\"display: none;\">&nbsp;<\/div>\n<div id=\"sconnect-is-installed\" style=\"display: none;\">&nbsp;<\/div>\n<div id=\"sconnect-is-installed\" style=\"display: none;\">&nbsp;<\/div>\n<div id=\"sconnect-is-installed\" style=\"display: none;\">&nbsp;<\/div>\n<div id=\"sconnect-is-installed\" style=\"display: none;\">&nbsp;<\/div>\n<div id=\"sconnect-is-installed\" style=\"display: none;\">&nbsp;<\/div>\n<div id=\"sconnect-is-installed\" style=\"display: none;\">&nbsp;<\/div>\n<div id=\"sconnect-is-installed\" style=\"display: none;\">&nbsp;<\/div>\n<div id=\"sconnect-is-installed\" style=\"display: none;\">&nbsp;<\/div>\n<div id=\"sconnect-is-installed\" style=\"display: none;\">&nbsp;<\/div>\n","protected":false},"excerpt":{"rendered":"<p>Cliquez ci-dessous : INSCRIPTIONS 2025&nbsp; Afin d&rsquo;organiser au mieux la prochaine rentr\u00e9e scolaire 2025 2026, les rendez-vous pour les nouvelles inscriptions se feront \u00e0 partir du mois de janvier 2025. Les futurs parents peuvent cependant se manifester avant, en t\u00e9l\u00e9phonant au 02 40 79 57 80 ou en renseignant le formulaire de pr\u00e9-inscription du site&hellip; <br \/> <a class=\"read-more\" href=\"https:\/\/vay-styves.fr\/?page_id=179\">Lire la suite<\/a><\/p>\n","protected":false},"author":11,"featured_media":0,"parent":0,"menu_order":0,"comment_status":"closed","ping_status":"closed","template":"","meta":{"ngg_post_thumbnail":0,"footnotes":""},"class_list":["post-179","page","type-page","status-publish","hentry"],"_links":{"self":[{"href":"https:\/\/vay-styves.fr\/index.php?rest_route=\/wp\/v2\/pages\/179","targetHints":{"allow":["GET"]}}],"collection":[{"href":"https:\/\/vay-styves.fr\/index.php?rest_route=\/wp\/v2\/pages"}],"about":[{"href":"https:\/\/vay-styves.fr\/index.php?rest_route=\/wp\/v2\/types\/page"}],"author":[{"embeddable":true,"href":"https:\/\/vay-styves.fr\/index.php?rest_route=\/wp\/v2\/users\/11"}],"replies":[{"embeddable":true,"href":"https:\/\/vay-styves.fr\/index.php?rest_route=%2Fwp%2Fv2%2Fcomments&post=179"}],"version-history":[{"count":21,"href":"https:\/\/vay-styves.fr\/index.php?rest_route=\/wp\/v2\/pages\/179\/revisions"}],"predecessor-version":[{"id":48548,"href":"https:\/\/vay-styves.fr\/index.php?rest_route=\/wp\/v2\/pages\/179\/revisions\/48548"}],"wp:attachment":[{"href":"https:\/\/vay-styves.fr\/index.php?rest_route=%2Fwp%2Fv2%2Fmedia&parent=179"}],"curies":[{"name":"wp","href":"https:\/\/api.w.org\/{rel}","templated":true}]}}

<p><span style="font-family: verdana, geneva, sans-serif;">Cliquez ci-dessous :</span></p>
<p><a href="https://vay-styves.fr/wp-content/uploads/2024/11/INSCRIPTIONS-2025.pdf">INSCRIPTIONS 2025</a>&nbsp;</p>
<p><span style="font-family: verdana, geneva, sans-serif; font-size: 12pt;">Afin d&rsquo;organiser au mieux la prochaine rentrée scolaire 2025 2026, les rendez-vous pour les nouvelles inscriptions se feront à partir du mois de janvier 2025. </span><span style="font-family: verdana, geneva, sans-serif;">Les futurs parents peuvent cependant se manifester avant, en téléphonant au 02 40 79 57 80 ou en renseignant le formulaire de pré-inscription du site de l’école (en cliquant sur le bouton « inscription » de la page d&rsquo;accueil du site).</span></p>
<p><span style="font-family: verdana, geneva, sans-serif; font-size: 12pt;">Je me tiens à la disposition des familles qui souhaitent inscrire leur(s) enfant(s) pour la prochaine année scolaire en classe maternelle ou en classe primaire.</span></p>
<p><span style="font-family: verdana, geneva, sans-serif; font-size: 12pt;">Si besoin, n&rsquo;hésitez pas à appeler au 02-40-79-57-80 ou à envoyer un mail : <strong><span style="color: #0000ff;">ec.vay.st-yves@ec44.fr<br />
</span></strong></span></p>
<p><span style="font-family: verdana, geneva, sans-serif; font-size: 12pt;">Sont concernés, les enfants :</span></p>
<ul>
<li><span style="font-family: verdana, geneva, sans-serif;">nés en 2022 pour une rentrée en septembre 2025 en classe de petite section (PS),</span></li>
<li><span style="font-family: verdana, geneva, sans-serif;">nés en 2023 pour une rentrée en septembre 2025 en classe de toute petite section (TPS).</span></li>
</ul>
<p><span style="font-family: verdana, geneva, sans-serif; font-size: 12pt;">Pour l&rsquo;inscription, l&rsquo;école a besoin du carnet de santé de votre enfant et de votre livret de famille.</span></p>
<p><span style="font-family: verdana, geneva, sans-serif; font-size: 12pt; color: #008080;"><strong>L&rsquo;accueil périscolaire <span style="text-decoration: underline;">municipal</span> ouvre le matin à 7h30 et ferme à 18h30 (pas d&rsquo;accueil pour les TPS n&rsquo;ayant pas 3 ans).</strong></span></p>
<p>&nbsp;</p>
<p><span style="font-family: verdana, geneva, sans-serif; font-size: 12pt;">Mme Le Régent,</span></p>
<p><span style="font-family: verdana, geneva, sans-serif; font-size: 12pt;">Cheffe d&rsquo;établissement</span></p>
<p>&nbsp;</p>
<div id="sconnect-is-installed" style="display: none;">&nbsp;</div>
<div id="sconnect-is-installed" style="display: none;">&nbsp;</div>
<div id="sconnect-is-installed" style="display: none;">&nbsp;</div>
<div id="sconnect-is-installed" style="display: none;">&nbsp;</div>
<div id="sconnect-is-installed" style="display: none;">&nbsp;</div>
<div id="sconnect-is-installed" style="display: none;">&nbsp;</div>
<div id="sconnect-is-installed" style="display: none;">&nbsp;</div>
<div id="sconnect-is-installed" style="display: none;">&nbsp;</div>
<div id="sconnect-is-installed" style="display: none;">&nbsp;</div>
<div id="sconnect-is-installed" style="display: none;">&nbsp;</div>
<div id="sconnect-is-installed" style="display: none;">&nbsp;</div>

<p>Cliquez ci-dessous : INSCRIPTIONS 2025&nbsp; Afin d&rsquo;organiser au mieux la prochaine rentrée scolaire 2025 2026, les rendez-vous pour les nouvelles inscriptions se feront à partir du mois de janvier 2025. Les futurs parents peuvent cependant se manifester avant, en téléphonant au 02 40 79 57 80 ou en renseignant le formulaire de pré-inscription du site&hellip; <br /> <a class="read-more" href="https://vay-styves.fr/?page_id=179">Lire la suite</a></p>
