{"id":131,"date":"2015-01-21T23:20:30","date_gmt":"2015-01-21T22:20:30","guid":{"rendered":"https:\/\/vay-styves.fr\/?page_id=131"},"modified":"2023-09-24T08:32:03","modified_gmt":"2023-09-24T07:32:03","slug":"infos-ogec","status":"publish","type":"page","link":"https:\/\/vay-styves.fr\/?page_id=131","title":{"rendered":"OGEC"},"content":{"rendered":"<h2 style=\"text-align: left;\"><span style=\"font-size: 14pt;\"><strong><a href=\"https:\/\/vay-styves.fr\/wp-content\/uploads\/2023\/09\/Logo-OGEC.png\"><img loading=\"lazy\" decoding=\"async\" class=\"aligncenter size-full wp-image-47545\" src=\"https:\/\/vay-styves.fr\/wp-content\/uploads\/2023\/09\/Logo-OGEC.png\" alt=\"\" width=\"287\" height=\"145\"><\/a>QU\u2019EST CE QUE L\u2019OGEC ?<\/strong><\/span><\/h2>\n<p>L\u2019Organisme de Gestion de l\u2019Enseignement Catholique (l\u2019O.G.E.C.) est une association de loi 1901 statutaire de l\u2019enseignement catholique, constitu\u00e9 de membres b\u00e9n\u00e9voles.<br \/>\nElle a pour but d\u2019offrir \u00e0 la communaut\u00e9 \u00e9ducative les conditions mat\u00e9rielles optimales qui&nbsp; permettent la r\u00e9alisation p\u00e9renne du projet \u00e9ducatif de l\u2019\u00e9tablissement, en \u00e9troite collaboration avec la directrice dans le respect de l\u2019esprit de l\u2019\u00e9cole.<\/p>\n<p>&nbsp;<\/p>\n<h2><span style=\"font-size: 14pt;\"><strong>QUEL EST LE R\u00d4LE DE L\u2019OGEC ?<\/strong><\/span><\/h2>\n<p>L\u2019OGEC est le support juridique, \u00e9conomique et financier de l\u2019\u00e9cole.<\/p>\n<p><strong>Gestion des finances de l\u2019\u00e9cole<\/strong><\/p>\n<ul>\n<li>Tenue d\u2019une comptabilit\u00e9<\/li>\n<li>Elaboration d\u2019un budget<\/li>\n<li>Perception des cotisations annuelles<\/li>\n<\/ul>\n<p><strong>Gestion du personnel de l\u2019\u00e9cole (en dehors des ma\u00eetresses)<\/strong><\/p>\n<ul>\n<li>Elaboration des contrats de travail<\/li>\n<li>Adaptation des ressources en personnel aux n\u00e9cessit\u00e9s de l\u2019\u00e9cole<\/li>\n<\/ul>\n<p><strong>Gestion des biens mat\u00e9riels de l\u2019\u00e9cole<\/strong><\/p>\n<ul>\n<li>Travaux d\u2019entretien<\/li>\n<\/ul>\n<p><strong>Gestion des relations avec l\u2019ext\u00e9rieur sur le plan juridique<\/strong><\/p>\n<ul>\n<li>Relations avec le propri\u00e9taire<\/li>\n<li>Relations avec les administrations<\/li>\n<\/ul>\n<h2><span style=\"font-size: 14pt;\"><strong>COMMENT FONCTIONNE L\u2019OGEC ?<\/strong><\/span><\/h2>\n<p>Le conseil d\u2019administration est \u00e9lu lors d\u2019une assembl\u00e9e g\u00e9n\u00e9rale chaque ann\u00e9e.<br \/>\nEtre membre du conseil d\u2019Administration de l\u2019OGEC, c\u2019est :<\/p>\n<ul>\n<li>entrer dans la communaut\u00e9 \u00e9ducative<\/li>\n<li>s\u2019int\u00e9resser au fonctionnement de l\u2019\u00e9cole<\/li>\n<li>participer \u00e0 la gestion de l\u2019\u00e9tablissement<\/li>\n<\/ul>\n<p>&nbsp;<\/p>\n<p><span style=\"text-decoration: underline; color: #339966;\"><strong>mail de l&rsquo;OGEC&nbsp; : ogec.ecole.saintyves@gmail.com<\/strong><\/span><\/p>\n<p>Sur Facebook :&nbsp; <a href=\"https:\/\/www.facebook.com\/OgecVay44\/\">https:\/\/www.facebook.com\/OgecVay44\/<\/a><\/p>\n<p>Sur Instagram :&nbsp; <a href=\"http:\/\/ogec_st_yves_vay_44\">ogec_st_yves_vay_44&nbsp;<\/a><\/p>\n<p>&nbsp;<\/p>\n<p><strong><span style=\"text-decoration: underline; font-size: 14pt;\">L&rsquo;\u00e9quipe OGEC<\/span><\/strong><\/p>\n<p>Pr\u00e9sidente : Mme Da Silva Costa<\/p>\n<p>Vice-pr\u00e9sidente : Mr Leroux<\/p>\n<p>Tr\u00e9sori\u00e8re : Mme Chicault<\/p>\n<p>Tr\u00e9sori\u00e8re adjointe :<\/p>\n<p>Secr\u00e9taire : Mme Faroud<\/p>\n<p>Secr\u00e9taire adjointe : Mme Gendron<\/p>\n<p>Membres: Mme Cloppeau-Glotin, Mme Leparoux<\/p>\n<div id=\"sconnect-is-installed\" style=\"display: none;\">&nbsp;<\/div>\n<div id=\"sconnect-is-installed\" style=\"display: none;\">&nbsp;<\/div>\n<div id=\"sconnect-is-installed\" style=\"display: none;\">&nbsp;<\/div>\n<div id=\"sconnect-is-installed\" style=\"display: none;\">&nbsp;<\/div>\n<div id=\"sconnect-is-installed\" style=\"display: none;\">&nbsp;<\/div>\n<div id=\"sconnect-is-installed\" style=\"display: none;\">&nbsp;<\/div>\n","protected":false},"excerpt":{"rendered":"<p>QU\u2019EST CE QUE L\u2019OGEC ? L\u2019Organisme de Gestion de l\u2019Enseignement Catholique (l\u2019O.G.E.C.) est une association de loi 1901 statutaire de l\u2019enseignement catholique, constitu\u00e9 de membres b\u00e9n\u00e9voles. Elle a pour but d\u2019offrir \u00e0 la communaut\u00e9 \u00e9ducative les conditions mat\u00e9rielles optimales qui&nbsp; permettent la r\u00e9alisation p\u00e9renne du projet \u00e9ducatif de l\u2019\u00e9tablissement, en \u00e9troite collaboration avec la directrice&hellip; <br \/> <a class=\"read-more\" href=\"https:\/\/vay-styves.fr\/?page_id=131\">Lire la suite<\/a><\/p>\n","protected":false},"author":11,"featured_media":0,"parent":0,"menu_order":0,"comment_status":"closed","ping_status":"closed","template":"","meta":{"ngg_post_thumbnail":0,"footnotes":""},"class_list":["post-131","page","type-page","status-publish","hentry"],"_links":{"self":[{"href":"https:\/\/vay-styves.fr\/index.php?rest_route=\/wp\/v2\/pages\/131","targetHints":{"allow":["GET"]}}],"collection":[{"href":"https:\/\/vay-styves.fr\/index.php?rest_route=\/wp\/v2\/pages"}],"about":[{"href":"https:\/\/vay-styves.fr\/index.php?rest_route=\/wp\/v2\/types\/page"}],"author":[{"embeddable":true,"href":"https:\/\/vay-styves.fr\/index.php?rest_route=\/wp\/v2\/users\/11"}],"replies":[{"embeddable":true,"href":"https:\/\/vay-styves.fr\/index.php?rest_route=%2Fwp%2Fv2%2Fcomments&post=131"}],"version-history":[{"count":9,"href":"https:\/\/vay-styves.fr\/index.php?rest_route=\/wp\/v2\/pages\/131\/revisions"}],"predecessor-version":[{"id":47546,"href":"https:\/\/vay-styves.fr\/index.php?rest_route=\/wp\/v2\/pages\/131\/revisions\/47546"}],"wp:attachment":[{"href":"https:\/\/vay-styves.fr\/index.php?rest_route=%2Fwp%2Fv2%2Fmedia&parent=131"}],"curies":[{"name":"wp","href":"https:\/\/api.w.org\/{rel}","templated":true}]}}

<h2 style="text-align: left;"><span style="font-size: 14pt;"><strong><a href="https://vay-styves.fr/wp-content/uploads/2023/09/Logo-OGEC.png"><img loading="lazy" decoding="async" class="aligncenter size-full wp-image-47545" src="https://vay-styves.fr/wp-content/uploads/2023/09/Logo-OGEC.png" alt="" width="287" height="145"></a>QU’EST CE QUE L’OGEC ?</strong></span></h2>
<p>L’Organisme de Gestion de l’Enseignement Catholique (l’O.G.E.C.) est une association de loi 1901 statutaire de l’enseignement catholique, constitué de membres bénévoles.<br />
Elle a pour but d’offrir à la communauté éducative les conditions matérielles optimales qui&nbsp; permettent la réalisation pérenne du projet éducatif de l’établissement, en étroite collaboration avec la directrice dans le respect de l’esprit de l’école.</p>
<p>&nbsp;</p>
<h2><span style="font-size: 14pt;"><strong>QUEL EST LE RÔLE DE L’OGEC ?</strong></span></h2>
<p>L’OGEC est le support juridique, économique et financier de l’école.</p>
<p><strong>Gestion des finances de l’école</strong></p>
<ul>
<li>Tenue d’une comptabilité</li>
<li>Elaboration d’un budget</li>
<li>Perception des cotisations annuelles</li>
</ul>
<p><strong>Gestion du personnel de l’école (en dehors des maîtresses)</strong></p>
<ul>
<li>Elaboration des contrats de travail</li>
<li>Adaptation des ressources en personnel aux nécessités de l’école</li>
</ul>
<p><strong>Gestion des biens matériels de l’école</strong></p>
<ul>
<li>Travaux d’entretien</li>
</ul>
<p><strong>Gestion des relations avec l’extérieur sur le plan juridique</strong></p>
<ul>
<li>Relations avec le propriétaire</li>
<li>Relations avec les administrations</li>
</ul>
<h2><span style="font-size: 14pt;"><strong>COMMENT FONCTIONNE L’OGEC ?</strong></span></h2>
<p>Le conseil d’administration est élu lors d’une assemblée générale chaque année.<br />
Etre membre du conseil d’Administration de l’OGEC, c’est :</p>
<ul>
<li>entrer dans la communauté éducative</li>
<li>s’intéresser au fonctionnement de l’école</li>
<li>participer à la gestion de l’établissement</li>
</ul>
<p>&nbsp;</p>
<p><span style="text-decoration: underline; color: #339966;"><strong>mail de l&rsquo;OGEC&nbsp; : ogec.ecole.saintyves@gmail.com</strong></span></p>
<p>Sur Facebook :&nbsp; <a href="https://www.facebook.com/OgecVay44/">https://www.facebook.com/OgecVay44/</a></p>
<p>Sur Instagram :&nbsp; <a href="http://ogec_st_yves_vay_44">ogec_st_yves_vay_44&nbsp;</a></p>
<p>&nbsp;</p>
<p><strong><span style="text-decoration: underline; font-size: 14pt;">L&rsquo;équipe OGEC</span></strong></p>
<p>Présidente : Mme Da Silva Costa</p>
<p>Vice-présidente : Mr Leroux</p>
<p>Trésorière : Mme Chicault</p>
<p>Trésorière adjointe :</p>
<p>Secrétaire : Mme Faroud</p>
<p>Secrétaire adjointe : Mme Gendron</p>
<p>Membres: Mme Cloppeau-Glotin, Mme Leparoux</p>
<div id="sconnect-is-installed" style="display: none;">&nbsp;</div>
<div id="sconnect-is-installed" style="display: none;">&nbsp;</div>
<div id="sconnect-is-installed" style="display: none;">&nbsp;</div>
<div id="sconnect-is-installed" style="display: none;">&nbsp;</div>
<div id="sconnect-is-installed" style="display: none;">&nbsp;</div>
<div id="sconnect-is-installed" style="display: none;">&nbsp;</div>

<p>QU’EST CE QUE L’OGEC ? L’Organisme de Gestion de l’Enseignement Catholique (l’O.G.E.C.) est une association de loi 1901 statutaire de l’enseignement catholique, constitué de membres bénévoles. Elle a pour but d’offrir à la communauté éducative les conditions matérielles optimales qui&nbsp; permettent la réalisation pérenne du projet éducatif de l’établissement, en étroite collaboration avec la directrice&hellip; <br /> <a class="read-more" href="https://vay-styves.fr/?page_id=131">Lire la suite</a></p>
